 Calculate the remainder when j is divided by p.
9
Suppose 0 = -4*z + z. Calculate the remainder when 3 + z + 17 + 0 is divided by (5 - 3) + (-15)/(-3).
6
Let d(v) = 17*v**3 + 3*v**2 - 6*v + 3. What is the remainder when 97 is divided by d(1)?
12
Let b(s) be the third derivative of -s**4/24 + 37*s**3/3 - 15*s**2. What is the remainder when b(0) is divided by 38?
36
Let c be 3/2*2 - 5. Let j = c - -4. Let a = 0 - -4. What is the remainder when a is divided by j?
0
Let v(g) = -g**3 - 10*g**2 - 1. Let y be v(-10). Suppose 5*f - 69 = -2*q - 2*q, -f + 18 = q. What is the remainder when q is divided by (8/(-8))/(y/12)?
9
Suppose i - 147 = 4*l - 9*l, i = -3*l + 157. Calculate the remainder when i is divided by 36.
28
Let n(s) = 14*s**2 + 34*s - 71. Calculate the remainder when n(-14) is divided by 50.
47
Suppose 6 = 2*v, -i - 4*i + 3*v = 24. Calculate the remainder when (-1)/i - (53/(-3))/1 is divided by 5.
3
Let u(l) = l + 28. Let y(d) = d + 19. Let m(s) = 5*u(s) - 7*y(s). Let h be m(8). Let g = h + 56. What is the remainder when g is divided by 12?
11
Suppose 27*h - 120 = 23*h - 4*s, -3*h + s = -102. What is the remainder when h is divided by 18?
15
Let v(n) = n**2 - 3*n - 2. Let y be v(4). Suppose 0 = -0*z + z - y. Suppose w = 15 - z. Calculate the remainder when w is divided by 4.
1
Let c(j) = -2*j**3 - 74*j**2 - 87*j - 23. Calculate the remainder when c(-36) is divided by 40.
37
Let n(x) = 28 - x**3 - 5*x**2 - 23 + x + 4*x. Let v(c) = -c + 14. Calculate the remainder when n(-6) is divided by v(10).
3
Calculate the remainder when 143 is divided by (6/7)/((-44)/(-1232)).
23
What is the remainder when 63 is divided by (-21 - -26)/((-1)/3*-3)?
3
Let c be -2*-10*(-3)/(-12). Suppose 241 = c*d - 859. Suppose 0 = -5*g + d - 40. Calculate the remainder when g is divided by 10.
6
Let v(i) be the third derivative of -i**4/12 - 5*i**3/6 - 28*i**2. Suppose 6*s - 3*s + 33 = 0. Calculate the remainder when v(s) is divided by 6.
5
Let z(l) = -l**2 - 48*l - 417. What is the remainder when z(-19) is divided by 2/(-6) - (-309)/9?
32
Suppose 2*t = 3*j - 60, t = j - 15 - 6. Calculate the remainder when (0 + 66)*9/j is divided by 18.
15
Let o(g) = -2*g - 37. What is the remainder when (-525)/(-9) + (-3)/9 is divided by o(-26)?
13
Let w(d) = -5*d + 181. What is the remainder when w(-7) is divided by 31?
30
Let p = 2 + 29. Suppose 0 = -n + 3*h + 137, 2*n + 2*h - 214 = 20. What is the remainder when n is divided by p?
29
Calculate the remainder when 6/(-6 + (-1485)/(-246)) is divided by 33.
32
Let z = 1332 + -1328. What is the remainder when 161 is divided by z?
1
Suppose -2*f + 11*a = 13*a - 54, -f = 4*a - 21. Calculate the remainder when 49 is divided by f.
20
Let z(v) = 7*v + 206. What is the remainder when 116 is divided by z(-26)?
20
Let v(h) be the first derivative of -h**2 + 11 - h + 4/3*h**3. Calculate the remainder when v(-1) is divided by 2.
1
Let g = 6 - -50. Suppose -5*d + 440 = 5*t, -g = -2*t - 4*d + 122. What is the remainder when t is divided by 44?
43
Let h = -16 + 19. What is the remainder when 16 - (h + -3 - 2) is divided by 7?
4
Suppose -3*w - 2*y - y + 375 = 0, -5*w + 5*y = -655. Calculate the remainder when 504 is divided by w.
120
Let l be -5 - (-16)/4 - -151. Suppose 2*q = 2*z - 96, -l + 0 = -3*z - 3*q. Calculate the remainder when z is divided by 17.
15
Suppose p = 35 - 2. Let d be 10/(-3) + (-22)/p. What is the remainder when (-98)/d - 4/8 is divided by 9?
6
Let z(c) = 31*c + 1. Let o be z(1). Let n = 48 + o. Let p = n + 29. Calculate the remainder when p is divided by 28.
25
Let k = 360 + -339. What is the remainder when k is divided by 20?
1
Suppose 0 = 5*z - f - 21, -z + 5*f = z + 10. Suppose -z*a + 294 = 9*a. Let y = 67 + 15. Calculate the remainder when y is divided by a.
19
Suppose 4*b = z + 2*b - 52, 4*b - 260 = -5*z. Calculate the remainder when z is divided by 29.
23
Let p(i) = i**2 - 8*i + 8. Let u be p(6). What is the remainder when (-1)/2 - 214/u is divided by 1/(12*1) - 645*29/(-1044)?
17
Let c(r) = r**2 + 7*r - 6. Let j be c(-8). Suppose -6*y = -j*y + 28. Let s(l) = l**2 + 6*l + 4. What is the remainder when 18 is divided by s(y)?
7
Let v(a) = -9*a - 5. Let i(q) = -9*q**2 + 3*q - 1. Let z be i(2). Let w = z - -29. Calculate the remainder when v(w) is divided by 8.
5
Let g = -9 + 35. Let n = 994 + -947. What is the remainder when n is divided by g?
21
Let r(f) = -11*f**3 + f**2 + 2*f + 1. Let k(b) = 6*b**2 + 2*b. Let y = -19 - -17. Calculate the remainder when k(y) is divided by r(-1).
9
Suppose 3*h + 4*a = 317, 5 + 0 = -5*a. Let u = 113 - 86. Calculate the remainder when h is divided by u.
26
Suppose 0 = 3*p + 3*x - 24, x - 4 = -2. Let t(v) = v**2 - 8*v - 4. Let d be t(p). Calculate the remainder when (-88)/d + (-1)/(-2) is divided by 4.
2
Suppose l = -0*l - 21. Let x be (-18)/4*14/l. Suppose -c = x*c + 3*p - 64, 3*p = -c + 7. What is the remainder when 37 is divided by c?
18
Suppose 0 = 2*n - 3*i - i + 6, 0 = 3*n + 3*i. Let v = n - -3. Suppose 0 = 5*o + 5*l, 5*l + 8 = 3*l. Calculate the remainder when o is divided by v.
0
Suppose -2*d + 5*p + 325 = 0, 0*p = -4*p - 12. Suppose -16*f - 133 + 757 = 0. Calculate the remainder when d is divided by f.
38
Let o = -122 - -172. Let q = o + 3. Calculate the remainder when q is divided by 2 + -2*(-4)/8 - -11.
11
Suppose -3*m = -4*g + 8*g - 187, 211 = 4*g - 5*m. Let v = -1040 + 1053. Calculate the remainder when g is divided by v.
10
Suppose 2*s = 4 + 8. Suppose -d = -s*d - 215. Let c = d - -109. What is the remainder when c is divided by 23?
20
Let q = 18 + -15. Suppose -42 = q*j - 0*j. Calculate the remainder when (-208)/8*j/4 is divided by 31.
29
Suppose 7*f - 4*f = 3. What is the remainder when ((-62)/(-8))/((-2)/(-8)) is divided by (3/6)/(f/34)?
14
Let c = 53 - 29. Suppose -w = -5*t + 7 + c, 3*w = 12. Suppose 16 = -3*r + t*r. What is the remainder when r is divided by 2?
0
Let t(a) = -3*a + 35. What is the remainder when t(11) is divided by 2?
0
Let t(j) = -j**2 + 4*j + 8. Let l be t(5). What is the remainder when 49 is divided by -2 - (-4 + -3*2/l)?
1
Calculate the remainder when (-3876)/(-6)*(-2 - -4) is divided by 37.
34
Let y be 0*(-4)/(-8) - -3. Suppose -3*v = -2*v + y, -3*v = 5*t + 9. Suppose -2*a + a + 7 = t. Calculate the remainder when 25 is divided by a.
4
Let d = -899 - -910. What is the remainder when 97 is divided by d?
9
Let b(m) be the first derivative of 8/3*m**3 - 1/2*m**2 + m - 3. Calculate the remainder when 23 is divided by b(1).
7
Let u be 48/(-15) + (-1)/(-5). Let b(r) = 15*r + 21. Let s(t) = -8*t - 10. Let d(n) = u*b(n) - 5*s(n). Calculate the remainder when d(-8) is divided by 14.
13
Let m be 2/3*18/4. Let x(a) = 2*a + m*a - 4 - 3*a - 5*a. Calculate the remainder when x(-2) is divided by 2.
0
Suppose s = -73 - 25. Let p = s - -46. Calculate the remainder when 31 is divided by (-4)/(-26) - 408/p.
7
Let o = 24 - 0. Suppose -14*r + 18*r = 372. What is the remainder when r is divided by o?
21
Let x(y) = 58*y**2 + y. Suppose -14*f = -63*f + 735. What is the remainder when x(-1) is divided by f?
12
Let u = 1610 - 1554. What is the remainder when u is divided by 20?
16
Suppose 529 = 33*x + 133. Calculate the remainder when 1185 is divided by x.
9
Let b(p) = -p**3 + p**2 + 9*p - 2. Let k be b(3). Suppose k*c - 45 = 53. Calculate the remainder when c is divided by 7.
0
Let n be 105/10*(-28)/3. Let h = 1 - n. What is the remainder when h is divided by 20?
19
Suppose 4*s - 2*y - 172 = 0, -11*y + 168 = 4*s - 15*y. What is the remainder when 295 is divided by s?
31
Let m be 6/4 - 3/2. Let p(d) = -d**2 - d + 76. What is the remainder when p(m) is divided by 26?
24
What is the remainder when (2/4)/(9/(-738))*-5 is divided by (-3)/9*(-31 - -4)?
7
Let h(s) = 5*s**2 + 3*s**3 + 4*s - 3 - 6*s**2 - 2*s**2. Let b be 4/14 - (-12)/7. What is the remainder when h(b) is divided by 5?
2
Let o = 805 - 776. Calculate the remainder when 185 is divided by o.
11
Let o(y) = -4*y - 9. Let l = 1 + -6. Let m(v) = -5*v - 7. What is the remainder when m(l) is divided by o(-4)?
4
Let q = -16 - -20. Suppose 3*u + 8 = 4*i - u, q*i - 2*u = 8. Suppose 3*t = 3*z - 75, -3*z - i*t - t + 105 = 0. What is the remainder when z is divided by 11?
8
Let x = 195 + -107. Suppose 7*h = 2*h - 15, -5*h = 5*r + 5. S